 Let v be 6/3 + 1 + 0. What is t(v)?
-6
Let j(x) = x**2 + 2*x - 3. Suppose 0 = -5*v - 0 - 20. Determine j(v).
5
Let l(y) = -y**2 + y + 2. Let i(x) = x**2 - x - 1. Let g(z) = -i(z) + l(z). Let k = 4 + -5. Let t be 1 - (1 - 2/k). What is g(t)?
-9
Suppose w - 3*o = 13, o + 11 = 3*w - o. Let k(h) = -h + 1. Determine k(w).
0
Let y(a) be the third derivative of a**4/24 + a**2. Calculate y(-1).
-1
Suppose -o + 3*o - 8 = 0. Let r be 2 + (-2 - -1 - o). Let z(v) = -2*v + 3 - 7 + 9*v - 10*v. Determine z(r).
5
Suppose 4*c + 2 = 2*c. Let l(m) be the first derivative of 5*m**4/4 - 2*m**3/3 - m**2 - m - 44. Give l(c).
-6
Let l(q) = 5*q - 7. Let f(x) = 6*x - 7. Let y(h) = -4*f(h) + 5*l(h). What is y(6)?
-1
Suppose 3*i - 1 = 2. Let f(b) = 7*b - 4*b**2 - i + 5 + 3*b**2 - 10. Calculate f(4).
6
Let s(o) = -95 - o**2 + 5*o - 95 + 189. Calculate s(2).
5
Suppose 12 = 4*n - 5*c - 16, 4*n + 4*c = -8. Let m(j) = -33*j**2 - 6*j + 24*j**2 + 1 + 15*j**n + j**3. What is m(-7)?
-6
Let x be 0 - (-7 + 4)/(-3). Let v(a) = -13*a + 1. What is v(x)?
14
Let t(a) be the third derivative of 0 + 0*a + 2/3*a**3 + 1/6*a**4 - a**2 - 1/60*a**5. Suppose -3*q + 0*q + 12 = 0. Determine t(q).
4
Let q(p) = p**2 + 8*p + 1. Let r(u) = -u**3 - 3*u**2 + 9*u + 13. Let z be r(-4). Calculate q(z).
-6
Let h(g) be the third derivative of -g**4/24 - 2*g**3/3 + 5*g**2. Calculate h(3).
-7
Let p(b) = 2*b**2 + b - 2. Suppose 5*n - a + 2 = -5, 5*a + 5 = 5*n. Determine p(n).
4
Let c(l) = 4 - 3 + 4 - l - 6. Determine c(5).
-6
Suppose -5*z + 2 = -2*m + 37, -3*z - 15 = 0. Let l(x) = -x + 3. Calculate l(m).
-2
Let g(v) = -4*v**2 + 2*v - 2. Let s(o) = o**2 - o + 1. Let j(a) = -g(a) - 3*s(a). Determine j(-3).
5
Let v(h) = -2*h - 4*h + 3*h - h + 4. Calculate v(3).
-8
Let r(q) = -5*q - 7. Let d(y) = -4*y - 6. Let f(p) = 7*d(p) - 6*r(p). Suppose 0 = 3*c - 0*c - 3*z + 9, 0 = -c + 3*z - 7. Calculate f(c).
-2
Let x(p) = 4*p**3 + 2*p**2 - p. Let t be x(1). Let s(j) = -j**3 + 6*j**2 - 2*j - 4. Give s(t).
11
Let m(a) be the first derivative of 2 + a + 1/2*a**2 - 1/3*a**3. Give m(-1).
-1
Let b(c) = 5*c + 71 - 22 - 24 - 26. Calculate b(2).
9
Let w(u) = -u - 4. Let n = 17 - 20. Determine w(n).
-1
Let s(d) = 17*d**2 + 1. Let q be s(-1). Let c be q/10 - (-1)/5. Let i(m) = 0*m**c - m**2 + 2*m + 1 - m + 2*m. What is i(5)?
-9
Let f(k) = 5*k**3 + k. Let q be f(1). Suppose 2*b + q = 0, -5*c + 46 = -b - b. Let i(y) = y**3 - 8*y + c*y. Calculate i(-1).
-1
Let l(d) = -3*d**2 + d - 2. Let h = -7 + 8. Suppose 7 = 3*w + h. Calculate l(w).
-12
Let t(g) = g**2 + 3*g + 3. Suppose 3*a - 12 = 0, -3*q + a - 16 = -3. Calculate t(q).
3
Let i(b) = -3*b + 1. Suppose 0 = -2*m - x + 5 - 26, 5*x = 3*m - 1. Let l = -11 - -17. Let z = m + l. Calculate i(z).
7
Let i = -6 - -6. Let k(m) = -3*m**3 - 3*m**2 - m**3 + 5*m**3 - 9 + m + 4*m**2. Give k(i).
-9
Let p be ((-18)/4)/((-2)/24). Let g be ((-3)/(-9))/(6/p). Let q(y) be the second derivative of y**4/6 - 2*y**3/3 + y**2 - 2*y. Give q(g).
8
Let z be 20/6*(-6)/5. Let m be ((-9)/(-6))/(3/2). Let q = m + z. Let j(c) = 5*c + 4. Give j(q).
-11
Let t be (10/(-6))/((-1)/(-3)). Let a be ((-15)/(-2))/5*2. Let b(n) = 6 - a - n - 1. Calculate b(t).
7
Let o(h) = -5*h + 1. Let a be (-1)/(-2) + 3/2. Calculate o(a).
-9
Let b(s) be the second derivative of s**5/20 + s**4/12 - s**3/2 + s**2/2 - 22*s. Suppose 0 = -2*u - 2*c - 6, -2 - 13 = 5*u + 3*c. Give b(u).
-8
Let u(w) be the third derivative of w**8/10080 + w**7/2520 - w**6/720 - w**5/20 - w**2. Let g(q) be the third derivative of u(q). What is g(1)?
3
Let g(b) = b**3 + b**2 - 4*b - 3. Let a(s) = -7*s - 4. Let j be a(-4). Let n be (1 + 2)*(-16)/j. Give g(n).
1
Let z(h) = h**3 + 3*h**2 + 2*h - 1. Let v(l) = -1. Let y(x) = -x + 10. Let f(o) = -5*v(o) - y(o). Let i be f(2). Determine z(i).
-7
Suppose o - 9 = -2*o. Let r(v) = -v**2 + 4. What is r(o)?
-5
Let j(q) = -5*q**3 + q**2 + 2*q + 1. Let f(n) = n**3 + 5*n**2 + 5*n + 2. Let m be f(-3). Suppose -2*d = -m - 1. Suppose 0 = -d*a + 3 - 6. What is j(a)?
5
Let f be -1 - (1 + (-6)/3). Let b = 4 + f. Let h(x) = -x + 1. Determine h(b).
-3
Let n(p) = 4*p**2 + 6 - 5*p**2 + 7*p - 4. Calculate n(7).
2
Let h(r) be the third derivative of -r**6/360 - r**5/40 + 3*r**4/8 - 3*r**2. Let i(v) be the second derivative of h(v). Give i(-5).
7
Let g(l) = -l**2 + l - 1. Let m = 3 + 0. Suppose -14 = -4*u - y, -u + 14 = -5*y - 0. Suppose 4*f = -2*c + u, m*c - 7*c = f - 1. Determine g(f).
-1
Suppose -3*m + 4*c = -0*c - 26, -2*c - 2 = 4*m. Let w be (-9)/(-2) + (-1)/m. Let o(b) = -2*b + w*b**3 - 3*b**3 - 1 + b**2 + 2*b**2. Give o(-2).
7
Let x(m) = m + 1. Suppose -5*a + y + 10 = 0, -a - 4 - 10 = 3*y. Let u = a + -2. Let r = 1 + u. Calculate x(r).
1
Let r(d) = -6*d**2 - 4 + 10 + 4*d**2 - 5*d**2 + d**3 + 7*d. What is r(6)?
12
Let x(r) = -5*r + 4*r + 1 + 3*r - r. Determine x(-8).
-7
Let y(p) = p**3 - 3*p**2 - 4*p - 3. Let w(h) = 8*h - 26. Let l be w(3). Calculate y(l).
-15
Let l(d) be the second derivative of d**3/3 - d**2/2 + 28*d. Calculate l(-7).
-15
Let d(o) = -2*o - 1. Suppose 5 = -4*c + 1. Give d(c).
1
Let g(f) = f - 7. Let j = -34 - -54. Suppose j = 3*q - 2*o, 2*q + 3*o = -2*o + 7. Give g(q).
-1
Let g(u) = -u**2 - 6*u. Let o be g(-6). Let z be (-2)/(9/(-12)*(-8)/(-15)). Suppose o = -7*l + z*l. Let j(p) = -p**3 + p**2 + p - 1. Determine j(l).
-1
Let u(f) be the second derivative of f**6/120 + 7*f**5/60 + 5*f**4/24 + 3*f**2/2 - 2*f. Let p(g) be the first derivative of u(g). What is p(-6)?
6
Let v(j) = -j**2 + 6*j - 4. Suppose 0*b - 4*b = -5*c + 75, 60 = 4*c - 4*b. Let m = -32 + 23. Let g = m + c. Give v(g).
-4
Suppose -4*u = -21 - 3. Let z(a) = -a**3 + 6*a**2. What is z(u)?
0
Let y(r) = -8*r**2 + 2*r - 1. Suppose f + 4*x + 10 = -0*x, 3*f = -4*x + 2. Let p be 10/4*(-3 - -1). Let d = p + f. What is y(d)?
-7
Let c(y) = -y**3 + 2*y**2 - 2*y - 2*y + 2 + 2*y**2. Suppose 2*m - m + 2 = 0. Let d be -2 + 7 - m/(-1). Determine c(d).
-1
Let i(a) = a**3 - 2*a - 2. Let v be i(-2). Let n(m) = m**3 + 11 - 4 - 17*m + 24*m + 7*m**2. What is n(v)?
1
Let r(d) be the third derivative of -d**6/10 + d**4/12 + d**3/6 + d**2. Let f(p) = 2*p**3 + 3*p**2 - p + 1. Let u be f(-2). Calculate r(u).
11
Suppose -24 = -0*o + 4*o. Let n(p) = p + 10. Calculate n(o).
4
Let a(u) = -u + 9. Let c be a(7). Let r(t) = -4*t + 1. Determine r(c).
-7
Let k(o) be the first derivative of o**3/6 - 3*o + 2. Let z(j) be the first derivative of k(j). What is z(-2)?
-2
Let t be (2/4)/(2/(-8)). Let n(d) be the third derivative of -d**5/60 - d**3/3 + 6*d**2. Determine n(t).
-6
Suppose 0*f + 3*c = 3*f, f + c - 10 = 0. Suppose 10 = -2*u, -7 = 3*p - f*u - 29. Let n(l) = 4*l**3 - 1. Determine n(p).
-5
Let k(i) be the first derivative of -i**3/3 + 5*i**2 - 4*i + 43. Give k(8).
12
Let m(k) = 16*k**2 - 1. Let d = -11 - -10. What is m(d)?
15
Let f = -8 + 7. Let i(s) = -4*s**2. Determine i(f).
-4
Let b(j) = -j - 5. Let f(k) = k**2 + 9*k + 10. Let l be 2/(-3) + 34/(-3). Let x be 8/l - (-38)/(-6). Let m be f(x). Determine b(m).
-1
Let d = -36 - -39. Let w(f) = 2*f**2 + 3*f + 2. Let p(c) = -c**2 - 3*c - 2. Let j(t) = 4*p(t) + 3*w(t). Determine j(d).
7
Suppose 3*x + 16 = 2*l, x = l + 6*x + 18. Let d(f) be the first derivative of -f - 5/2*f**l - 3 + 1/3*f**3. What is d(5)?
-1
Suppose -3*w + 1 = -4*o + 3, w = 4*o - 6. Suppose b - w - 1 = 0. Let k(x) = -2*x + 2*x - b*x - 4 + 2*x. Calculate k(3).
-7
Let h(z) be the second derivative of -z**8/6720 - z**7/630 + z**6/720 - z**5/60 - z**4/2 - 4*z. Let d(f) be the third derivative of h(f). What is d(-4)?
-6
Suppose 4*s + s - 20 = 5*h, -5*h - 4 = -s. Suppose 0*j = -s*j. Let d be (0 - j/3) + -2. Let n(k) = -5*k - 3. Give n(d).
7
Suppose -4*i + 10 = i. Let a(h) = -3*h**2 + 1 + 10*h - h**i - 10*h. Calculate a(2).
-15
Let d(l) = l. Let x be d(4). Suppose x + 4 = 4*p. Let i(q) = -2*q**2 - 3 - 3*q + p + q. Calculate i(-2).
-5
Let v(a) be the second derivative of -a**3/3 + 3*a**2/2 - 9*a. Calculate v(-4).
11
Let g(u) be the second derivative of u**6/20 + u**4/24 - u**2 - 2*u. Let m(d) be the first derivative of g(d). What is m(1)?
7
Let v(a) = -2*a + 1. Let s be 6 + (0 - 3) - -3. Let x = s + -9. What is v(x)?
7
Let n(l) = -4*l - 2. Let q(v) be the first derivative of 4*v**3/3 - v - 2. Let d be q(-1). Suppose 0 = t + 2*r + 1, -d*r + 0 + 3 = 0. What is n(t)?
10
Let x(h) = -h - 3